{"id":6117,"date":"2026-04-13T20:44:09","date_gmt":"2026-04-13T16:44:09","guid":{"rendered":"https:\/\/adsa.az\/?page_id=6117"},"modified":"2026-04-13T20:44:09","modified_gmt":"2026-04-13T16:44:09","slug":"daun-sindromlu-adamlar-t%c9%99hsil-almaga-qadirdil%c9%99rmi","status":"publish","type":"page","link":"https:\/\/adsa.az\/?page_id=6117","title":{"rendered":"Daun sindromlu adamlar t\u0259hsil alma\u011fa qadirdil\u0259rmi?"},"content":{"rendered":"<p>B\u0259li, onlar t\u0259hsil alma\u011fa qadirdirl\u0259r: onlar\u0131n t\u0259hsil\u0259 uy\u011fun olmamas\u0131 d\u00fc\u015f\u00fcnc\u0259si ixtisasla\u015fd\u0131r\u0131lm\u0131\u015f m\u00fc\u0259ssis\u0259l\u0259rd\u0259 (internat m\u0259kt\u0259bl\u0259rd\u0259) apar\u0131lm\u0131\u015f t\u0259dqiqatlarla g\u00fccl\u0259ndirilir, ancaq bel\u0259 m\u00fc\u0259ssis\u0259l\u0259rd\u0259 he\u00e7 bir u\u015faq effektli inki\u015faf ed\u0259 bilm\u0259z, \u00e7\u00fcnki bu m\u00fc\u0259ssis\u0259l\u0259r u\u015faq \u00fc\u00e7\u00fcn \u0259sas stimul olan valideyn m\u0259h\u0259bb\u0259tind\u0259n m\u0259hrumdur.<\/p>\n<p>Eyni zamanda ail\u0259d\u0259 ya\u015fayan \u201cperspektivsiz\u201d (t\u0259bibl\u0259rin s\u00f6z\u00fc il\u0259) u\u015faq bir ya\u015f\u0131nda \u00f6z\u00fc oturur, ikid\u0259 g\u0259zir, iki ya\u015f yar\u0131mda qa\u015f\u0131qla yeyir v\u0259 ilk s\u00f6zl\u0259ri t\u0259l\u0259ff\u00fcz edir, d\u00f6rd ya\u015fda xarakter g\u00f6st\u0259rir, evd\u0259 i\u015f\u0259 k\u00f6m\u0259k etm\u0259yi \u00f6yr\u0259nir, u\u015faq ba\u011f\u00e7as\u0131na, sonra da m\u0259kt\u0259b\u0259 getm\u0259y\u0259, xarici dild\u0259 dan\u0131\u015fma\u011fa, kompyuteri m\u0259nims\u0259m\u0259y\u0259 v\u0259 idmanla m\u0259\u015f\u011ful olma\u011fa haz\u0131rd\u0131r.<\/p>\n","protected":false},"excerpt":{"rendered":"<p>B\u0259li, onlar t\u0259hsil alma\u011fa qadirdirl\u0259r: onlar\u0131n t\u0259hsil\u0259 uy\u011fun olmamas\u0131 d\u00fc\u015f\u00fcnc\u0259si ixtisasla\u015fd\u0131r\u0131lm\u0131\u015f m\u00fc\u0259ssis\u0259l\u0259rd\u0259 (internat m\u0259kt\u0259bl\u0259rd\u0259) apar\u0131lm\u0131\u015f t\u0259dqiqatlarla g\u00fccl\u0259ndirilir, ancaq bel\u0259 m\u00fc\u0259ssis\u0259l\u0259rd\u0259 he\u00e7 bir u\u015faq effektli inki\u015faf ed\u0259 bilm\u0259z, \u00e7\u00fcnki bu m\u00fc\u0259ssis\u0259l\u0259r u\u015faq \u00fc\u00e7\u00fcn \u0259sas stimul olan valideyn m\u0259h\u0259bb\u0259tind\u0259n m\u0259hrumdur. Eyni zamanda ail\u0259d\u0259 ya\u015fayan \u201cperspektivsiz\u201d (t\u0259bibl\u0259rin s\u00f6z\u00fc il\u0259) u\u015faq bir ya\u015f\u0131nda \u00f6z\u00fc [&hellip;]<\/p>\n","protected":false},"author":1,"featured_media":0,"parent":6018,"menu_order":0,"comment_status":"closed","ping_status":"closed","template":"","meta":{"_themeisle_gutenberg_block_has_review":false,"footnotes":""},"class_list":["post-6117","page","type-page","status-publish","hentry"],"_links":{"self":[{"href":"https:\/\/adsa.az\/index.php?rest_route=\/wp\/v2\/pages\/6117","targetHints":{"allow":["GET"]}}],"collection":[{"href":"https:\/\/adsa.az\/index.php?rest_route=\/wp\/v2\/pages"}],"about":[{"href":"https:\/\/adsa.az\/index.php?rest_route=\/wp\/v2\/types\/page"}],"author":[{"embeddable":true,"href":"https:\/\/adsa.az\/index.php?rest_route=\/wp\/v2\/users\/1"}],"replies":[{"embeddable":true,"href":"https:\/\/adsa.az\/index.php?rest_route=%2Fwp%2Fv2%2Fcomments&post=6117"}],"version-history":[{"count":1,"href":"https:\/\/adsa.az\/index.php?rest_route=\/wp\/v2\/pages\/6117\/revisions"}],"predecessor-version":[{"id":6118,"href":"https:\/\/adsa.az\/index.php?rest_route=\/wp\/v2\/pages\/6117\/revisions\/6118"}],"up":[{"embeddable":true,"href":"https:\/\/adsa.az\/index.php?rest_route=\/wp\/v2\/pages\/6018"}],"wp:attachment":[{"href":"https:\/\/adsa.az\/index.php?rest_route=%2Fwp%2Fv2%2Fmedia&parent=6117"}],"curies":[{"name":"wp","href":"https:\/\/api.w.org\/{rel}","templated":true}]}}